{"id":5382,"date":"2011-05-23T10:27:52","date_gmt":"2011-05-23T08:27:52","guid":{"rendered":"http:\/\/www.sk6dw.se\/?page_id=5382"},"modified":"2014-01-15T02:15:22","modified_gmt":"2014-01-15T01:15:22","slug":"fieldday-ekebacken-2010","status":"publish","type":"page","link":"https:\/\/www.sk6dw.se\/?page_id=5382","title":{"rendered":"Ekebacken 2010"},"content":{"rendered":"<p><img decoding=\"async\" src=\"http:\/\/www.sk6dw.se\/wp-content\/uploads\/2010\/02\/ekebacken.jpg\" alt=\"\" title=\"Ekebacken\" class=\"aligncenter size-medium wp-image-3095\" \/><\/a><\/p>\n<p>Helgen den 22-23 Maj hade Trollh\u00e4ttans S\u00e4ndareamat\u00f6rer SK6DW fieldday vid Ekebacken p\u00e5 Halleberg.  Under helgen hade vi ca: 75 bes\u00f6kare fr\u00e5n n\u00e4r och fj\u00e4rran som nj\u00f6t av det fina v\u00e4dret under L\u00f6rdag och S\u00f6ndag. Vi hade en m\u00e4ngd olika aktiviteter under helgen, bland annat en radioloppis som drog 9 stycken f\u00f6rs\u00e4ljare som hade med mycket grejor till \u201dbra och ha l\u00e5dorna\u201d.<\/p>\n","protected":false},"excerpt":{"rendered":"<p>Helgen den 22-23 Maj hade Trollh\u00e4ttans S\u00e4ndareamat\u00f6rer SK6DW fieldday vid Ekebacken p\u00e5 Halleberg. Under helgen hade vi ca: 75 bes\u00f6kare fr\u00e5n n\u00e4r och fj\u00e4rran som nj\u00f6t av det fina v\u00e4dret under L\u00f6rdag och S\u00f6ndag. Vi hade en m\u00e4ngd olika aktiviteter &hellip;<\/p>\n<p class=\"read-more\"> <a class=\"more-link\" href=\"https:\/\/www.sk6dw.se\/?page_id=5382\"> <span class=\"screen-reader-text\">Ekebacken 2010<\/span> L\u00e4s mer &raquo;<\/a><\/p>\n","protected":false},"author":1,"featured_media":0,"parent":19,"menu_order":0,"comment_status":"closed","ping_status":"closed","template":"","meta":{"footnotes":""},"_links":{"self":[{"href":"https:\/\/www.sk6dw.se\/index.php?rest_route=\/wp\/v2\/pages\/5382"}],"collection":[{"href":"https:\/\/www.sk6dw.se\/index.php?rest_route=\/wp\/v2\/pages"}],"about":[{"href":"https:\/\/www.sk6dw.se\/index.php?rest_route=\/wp\/v2\/types\/page"}],"author":[{"embeddable":true,"href":"https:\/\/www.sk6dw.se\/index.php?rest_route=\/wp\/v2\/users\/1"}],"replies":[{"embeddable":true,"href":"https:\/\/www.sk6dw.se\/index.php?rest_route=%2Fwp%2Fv2%2Fcomments&post=5382"}],"version-history":[{"count":3,"href":"https:\/\/www.sk6dw.se\/index.php?rest_route=\/wp\/v2\/pages\/5382\/revisions"}],"predecessor-version":[{"id":6181,"href":"https:\/\/www.sk6dw.se\/index.php?rest_route=\/wp\/v2\/pages\/5382\/revisions\/6181"}],"up":[{"embeddable":true,"href":"https:\/\/www.sk6dw.se\/index.php?rest_route=\/wp\/v2\/pages\/19"}],"wp:attachment":[{"href":"https:\/\/www.sk6dw.se\/index.php?rest_route=%2Fwp%2Fv2%2Fmedia&parent=5382"}],"curies":[{"name":"wp","href":"https:\/\/api.w.org\/{rel}","templated":true}]}}