{"id":49,"date":"2005-10-04T00:11:46","date_gmt":"2005-10-03T22:11:46","guid":{"rendered":"http:\/\/www.sk6dw.se\/?page_id=49"},"modified":"2013-12-29T11:57:18","modified_gmt":"2013-12-29T10:57:18","slug":"historia","status":"publish","type":"page","link":"https:\/\/www.sk6dw.se\/?page_id=49","title":{"rendered":"Historia"},"content":{"rendered":"<p><a href=\"http:\/\/www.sk6dw.se\/wp-content\/uploads\/2005\/10\/jy_001.jpg\"><img decoding=\"async\" loading=\"lazy\" class=\"alignnone size-full wp-image-6066\" alt=\"jy_001\" src=\"http:\/\/www.sk6dw.se\/wp-content\/uploads\/2005\/10\/jy_001.jpg\" width=\"690\" height=\"200\" srcset=\"https:\/\/www.sk6dw.se\/wp-content\/uploads\/2005\/10\/jy_001.jpg 690w, https:\/\/www.sk6dw.se\/wp-content\/uploads\/2005\/10\/jy_001-300x86.jpg 300w\" sizes=\"(max-width: 690px) 100vw, 690px\" \/><\/a><br \/>\n<span style=\"font-family: Arial; font-size: large;\"><b>F\u00f6reningen bildades 1944<\/b><\/span><br \/>\nF\u00f6reningen startades i november 1944 av ett antal radioentusiaster. En av de som var med och startade f\u00f6reningen hade var SM6UP, Roland som sedan ett antal \u00e5r \u00e4r \u201dsilent key\u201d. En hel del av hans kunnande och utrustning har under \u00e5ren tillfallit klubben.<\/p>\n<p>SM6JY Bror blev medlem i f\u00f6reningen kort efter att den startats, han missade bara n\u00e5gra av de allra f\u00f6rsta m\u00f6tena. Under m\u00e5nga \u00e5r verkade Bror, antingen som kass\u00f6r eller sekreterare, i SK6DW, under andra bidrog han med sitt kunnande och sina anekdoter. Bror var alltid en mycket aktiv person, om det inte var p\u00e5 jobbet, s\u00e5 var det p\u00e5 skidorna, i l\u00f6psp\u00e5ret eller vid radion. Senaste \u00e5ren hade han dock st\u00e4llt undan radion, men var \u00e4nd\u00e5 vid god vig\u00f6r. Det var f\u00f6rst vid en lunginflammation f\u00f6r halvannat \u00e5r sedan som h\u00e4lsan blev n\u00e5got decimerad. Bror SM6JY gick bort den 21 mars 2013 p\u00e5 eftermiddagen. Han var f\u00f6dd den 18 juni 1915, s\u00e5 detta \u00e5r skulle han ha fyllt 98 \u00e5r. Vi kommer att sakna Bror som en god v\u00e4n och mycket mer!<\/p>\n<p><img decoding=\"async\" loading=\"lazy\" class=\"alignnone size-full wp-image-6108\" title=\"M\u00f6te i Trollh\u00e4ttan, bild fr\u00e5n SM4CJK\" alt=\"M\u00f6te i Trollh\u00e4ttan, bild fr\u00e5n SM4CJK\" src=\"http:\/\/www.sk6dw.se\/wp-content\/uploads\/2005\/10\/vbgthnklubb.jpg\" width=\"400\" height=\"256\" style=\"float:right;\" srcset=\"https:\/\/www.sk6dw.se\/wp-content\/uploads\/2005\/10\/vbgthnklubb.jpg 400w, https:\/\/www.sk6dw.se\/wp-content\/uploads\/2005\/10\/vbgthnklubb-300x192.jpg 300w\" sizes=\"(max-width: 400px) 100vw, 400px\" \/><\/p>\n<p><!-- Gl\u00e4djande \u00e4r dock att vi har SM6JY Bror hos oss i dag. Han var inte med vid det f\u00f6rsta m\u00f6tet som klubben hade. Han var p\u00e5 tj\u00e4nsteresa d\u00e5 men Bror var n\u00e4rvarande vid det andra m\u00f6tet som klubben h\u00f6ll i b\u00f6rjan p\u00e5 1945.--><\/p>\n<p>Gunnar Boqvist SM6AKY var under ett antal \u00e5r ordf\u00f6rande i SK6DW. Fr\u00e5n oktober 1991 var Stig SM6BVJ ordf\u00f6rande eftersom AKY insjuknade. Vid \u00e5rsm\u00f6tet 1993 valdes Stig som ordinarie ordf\u00f6rande och AKY Gunnar valdes in som hedersordf\u00f6rande. AKY gick bort den 18 mars 1994.<\/p>\n<p>SK6DW har haft diverse m\u00f6teslokaler under \u00e5ren. I b\u00f6rjan h\u00f6lls m\u00f6tena p\u00e5 Bj\u00f6rsells konditori d\u00e4r \u00e4ven CW kurser har h\u00e5llits. Lokaliteterna har v\u00e4xlat med \u00e5ren, fr\u00e5n konditorier till \u00c4lvh\u00f6gsborg till Arthur Lundqvistskolan. Under senare \u00e5r har klubben ocks\u00e5 haft en radiolokal p\u00e5 industriomr\u00e5det nere vid gamla Ferro. Den sades upp i under 2001 p\u00e5 grund av att den inte utnyttjades och kostade en hel del pengar f\u00f6r medlemmarna.<\/p>\n<p>Under \u00e5ren har m\u00e4ngden aktiviteter varierat, allt fr\u00e5n n\u00e5got m\u00f6te d\u00e5 och d\u00e5 till veckovisa m\u00f6ten som vi har nu. Vi har m\u00e5nadsm\u00f6te tredje torsdagen varje m\u00e5nad men vi tr\u00e4ffas och bygger eller pratar och fikar \u00e4ven de torsdagarna som det ej \u00e4r ordinarie m\u00f6ten.<\/p>\n<p><b>Historiska dokument:<\/b><br \/>\n<a href=\"dokument\/historik_tvsa.pdf\" target=\"_blank\">Historik om TVSA (troligen fr\u00e5n 1984)<\/a><br \/>\n<a href=\"dokument\/807\/807.nr1.1963.pdf\" target=\"_blank\">807:an Klubbtidning nr.1 1963 (355 kB)<\/a><br \/>\n<a href=\"dokument\/807\/807.nr2.1963.pdf\" target=\"_blank\">807:an Klubbtidning nr.2 1963 (466 kB)<\/a><br \/>\n<a href=\"dokument\/807\/807.nr3.1963.pdf\" target=\"_blank\">807:an Klubbtidning nr.3 1963 (571 kB)<\/a><br \/>\n<a href=\"dokument\/807\/807.nr4.1964.pdf\" target=\"_blank\">807:an Klubbtidning nr.4 1964 (494 kB)<\/a><\/p>\n<p>Historiska bilder hittar du i <a href=\"http:\/\/www.sk6dw.se\/?page_id=6146&#038;f=diverse\/Gamla%20Historiska%20Bilder%20%28SM6JY%29\">bildgalleriet &gt;&gt;<\/a><\/p>\n<p>Har du historik om SK6DW eller n\u00e5gon av dess medlemmar?? Skicka in det till oss!<\/p>\n","protected":false},"excerpt":{"rendered":"<p>F\u00f6reningen bildades 1944 F\u00f6reningen startades i november 1944 av ett antal radioentusiaster. En av de som var med och startade f\u00f6reningen hade var SM6UP, Roland som sedan ett antal \u00e5r \u00e4r \u201dsilent key\u201d. En hel del av hans kunnande och &hellip;<\/p>\n<p class=\"read-more\"> <a class=\"more-link\" href=\"https:\/\/www.sk6dw.se\/?page_id=49\"> <span class=\"screen-reader-text\">Historia<\/span> L\u00e4s mer &raquo;<\/a><\/p>\n","protected":false},"author":1,"featured_media":0,"parent":20,"menu_order":3,"comment_status":"closed","ping_status":"open","template":"","meta":{"footnotes":""},"_links":{"self":[{"href":"https:\/\/www.sk6dw.se\/index.php?rest_route=\/wp\/v2\/pages\/49"}],"collection":[{"href":"https:\/\/www.sk6dw.se\/index.php?rest_route=\/wp\/v2\/pages"}],"about":[{"href":"https:\/\/www.sk6dw.se\/index.php?rest_route=\/wp\/v2\/types\/page"}],"author":[{"embeddable":true,"href":"https:\/\/www.sk6dw.se\/index.php?rest_route=\/wp\/v2\/users\/1"}],"replies":[{"embeddable":true,"href":"https:\/\/www.sk6dw.se\/index.php?rest_route=%2Fwp%2Fv2%2Fcomments&post=49"}],"version-history":[{"count":8,"href":"https:\/\/www.sk6dw.se\/index.php?rest_route=\/wp\/v2\/pages\/49\/revisions"}],"predecessor-version":[{"id":6168,"href":"https:\/\/www.sk6dw.se\/index.php?rest_route=\/wp\/v2\/pages\/49\/revisions\/6168"}],"up":[{"embeddable":true,"href":"https:\/\/www.sk6dw.se\/index.php?rest_route=\/wp\/v2\/pages\/20"}],"wp:attachment":[{"href":"https:\/\/www.sk6dw.se\/index.php?rest_route=%2Fwp%2Fv2%2Fmedia&parent=49"}],"curies":[{"name":"wp","href":"https:\/\/api.w.org\/{rel}","templated":true}]}}