{"id":30,"date":"2005-10-02T00:46:28","date_gmt":"2005-10-01T22:46:28","guid":{"rendered":"http:\/\/www.sk6dw.se\/testwebb\/?page_id=11"},"modified":"2013-12-18T12:16:45","modified_gmt":"2013-12-18T11:16:45","slug":"kursverksamhet","status":"publish","type":"page","link":"https:\/\/www.sk6dw.se\/?page_id=30","title":{"rendered":"Kursverksamhet"},"content":{"rendered":"<p><a href=\"http:\/\/www.sk6dw.se\/wp-content\/uploads\/2005\/10\/DSC04891-680x295.jpg\"><img decoding=\"async\" loading=\"lazy\" src=\"http:\/\/www.sk6dw.se\/wp-content\/uploads\/2005\/10\/DSC04891-680x295.jpg\" title=\"Nya radioamat\u00f6rer 2010 tillsammans med provf\u00f6r\u00e4ttare och kursledarna\" alt=\"Nya radioamat\u00f6rer 2010 tillsammans med provf\u00f6r\u00e4ttare och kursledarna\" width=\"680\" height=\"295\" class=\"alignnone size-full wp-image-6100\" srcset=\"https:\/\/www.sk6dw.se\/wp-content\/uploads\/2005\/10\/DSC04891-680x295.jpg 680w, https:\/\/www.sk6dw.se\/wp-content\/uploads\/2005\/10\/DSC04891-680x295-300x130.jpg 300w\" sizes=\"(max-width: 680px) 100vw, 680px\" \/><\/a><\/p>\n<p><b>\u00c4r du intresserad av teknik och kommunikation?<\/b><br \/>\nD\u00e5 kanske Amat\u00f6rradio \u00e4r n\u00e5got f\u00f6r dig. Amat\u00f6rradio \u00e4r en bred hobby som passar dom flesta med ett teknikintresse.<\/p>\n<p><b>Vad kr\u00e4vs f\u00f6r att bli radioamat\u00f6r?<\/b><br \/>\nF\u00f6r att bli radioamat\u00f6r kr\u00e4vs kunskap om i els\u00e4kerhet, reglementen, elteknik och radioteknik.  F\u00f6r att visa sin kunskap beh\u00f6ver man avl\u00e4gga ett prov best\u00e5ende av tv\u00e5 delar, teknik och reglemente.  Provet skrivs f\u00f6r en godk\u00e4nd provf\u00f6rr\u00e4ttare ifr\u00e5n SSA Sveriges S\u00e4ndareamat\u00f6rer eller PTS Post och Telestyrelsen. Klarar man provet s\u00e5 kommer man f\u00e5 ett amat\u00f6rradiocertifikat utf\u00e4rdat tillsammans med en unik anropssignal. Certifikatet \u00e4r ett bevis p\u00e5 din kunskap ger sig r\u00e4tt att s\u00e4nda p\u00e5 amat\u00f6rradiobanden. <\/p>\n<p><b>Utbildning och st\u00f6d<\/b><br \/>\nVi erbjuder olika typer st\u00f6d f\u00f6r dig som vill bli radioamat\u00f6r i v\u00e5rt omr\u00e5de.  Dels finns m\u00f6jligheten att k\u00f6pa SSA&#8217;s utbildningskasse via oss men vi kan \u00e4ven finnas som ett st\u00f6d vid sj\u00e4lvstudier. Det finns ingen kursverksamhet planerad f\u00f6r tillf\u00e4llet. <\/p>\n<p>\u00c4r du intresserad? <a href=\"http:\/\/www.sk6dw.se\/?page_id=20\">Kontakta oss!<\/a><\/p>\n<p>Eventuell kursverksamhet sker i samarbete med <a href=\"http:\/\/www.sfr.se\/stu\/\" target=\"_blank\">Studiefr\u00e4mjandet >><\/a><\/p>\n","protected":false},"excerpt":{"rendered":"<p>\u00c4r du intresserad av teknik och kommunikation? D\u00e5 kanske Amat\u00f6rradio \u00e4r n\u00e5got f\u00f6r dig. Amat\u00f6rradio \u00e4r en bred hobby som passar dom flesta med ett teknikintresse. Vad kr\u00e4vs f\u00f6r att bli radioamat\u00f6r? F\u00f6r att bli radioamat\u00f6r kr\u00e4vs kunskap om i &hellip;<\/p>\n<p class=\"read-more\"> <a class=\"more-link\" href=\"https:\/\/www.sk6dw.se\/?page_id=30\"> <span class=\"screen-reader-text\">Kursverksamhet<\/span> L\u00e4s mer &raquo;<\/a><\/p>\n","protected":false},"author":1,"featured_media":0,"parent":157,"menu_order":6,"comment_status":"closed","ping_status":"closed","template":"","meta":{"footnotes":""},"_links":{"self":[{"href":"https:\/\/www.sk6dw.se\/index.php?rest_route=\/wp\/v2\/pages\/30"}],"collection":[{"href":"https:\/\/www.sk6dw.se\/index.php?rest_route=\/wp\/v2\/pages"}],"about":[{"href":"https:\/\/www.sk6dw.se\/index.php?rest_route=\/wp\/v2\/types\/page"}],"author":[{"embeddable":true,"href":"https:\/\/www.sk6dw.se\/index.php?rest_route=\/wp\/v2\/users\/1"}],"replies":[{"embeddable":true,"href":"https:\/\/www.sk6dw.se\/index.php?rest_route=%2Fwp%2Fv2%2Fcomments&post=30"}],"version-history":[{"count":3,"href":"https:\/\/www.sk6dw.se\/index.php?rest_route=\/wp\/v2\/pages\/30\/revisions"}],"predecessor-version":[{"id":6104,"href":"https:\/\/www.sk6dw.se\/index.php?rest_route=\/wp\/v2\/pages\/30\/revisions\/6104"}],"up":[{"embeddable":true,"href":"https:\/\/www.sk6dw.se\/index.php?rest_route=\/wp\/v2\/pages\/157"}],"wp:attachment":[{"href":"https:\/\/www.sk6dw.se\/index.php?rest_route=%2Fwp%2Fv2%2Fmedia&parent=30"}],"curies":[{"name":"wp","href":"https:\/\/api.w.org\/{rel}","templated":true}]}}