{"id":2183,"date":"2010-02-10T13:55:57","date_gmt":"2010-02-10T12:55:57","guid":{"rendered":"http:\/\/www.sk6dw.se\/?page_id=2183"},"modified":"2014-01-15T02:45:36","modified_gmt":"2014-01-15T01:45:36","slug":"ekebacken-2009","status":"publish","type":"page","link":"https:\/\/www.sk6dw.se\/?page_id=2183","title":{"rendered":"Ekebacken 2009"},"content":{"rendered":"<p>Helgen 23-24\/5 2009 hade vi en fieldday vid Ekebacken p\u00e5 Halleberg. <\/p>\n<p>Vi hade uppskattningsvis drygt 50 bes\u00f6kare under helgen, varav ca: 20 var klubbmedlemmar. Det tyckte vi var ett bra med tanke p\u00e5 att vi inte hade marknadsf\u00f6rt oss s\u00e5 mycket innan. V\u00e4dret kunde inte varit s\u00e5 mycket b\u00e4ttre p\u00e5 l\u00f6rdagen. En bl\u00e5 himmel och sol. <\/p>\n<p>FRO kom och visade upp MOLOS vagnen och fick testa mycket av utrustningen under helgen. Stort tack till MOLOS g\u00e4nget som bidrog med str\u00f6m och utrustning. <\/p>\n<p><object width=\"425\" height=\"344\"><param name=\"movie\" value=\"http:\/\/www.youtube.com\/v\/zeFaxKh-D5A&#038;hl=sv_SE&#038;fs=1&#038;\"><\/param><param name=\"allowFullScreen\" value=\"true\"><\/param><param name=\"allowscriptaccess\" value=\"always\"><\/param><embed src=\"http:\/\/www.youtube.com\/v\/zeFaxKh-D5A&#038;hl=sv_SE&#038;fs=1&#038;\" type=\"application\/x-shockwave-flash\" allowscriptaccess=\"always\" allowfullscreen=\"true\" width=\"425\" height=\"344\"><\/embed><\/object><\/p>\n<p>P\u00e5 L\u00f6rdagen var det en liten loppis d\u00e4r man kunde g\u00f6ra riktiga fynd.<\/p>\n<p><img src='http:\/\/www.sk6dw.se\/wp-content\/uploads\/2010\/02\/dsc04308.JPG' alt='dsc04308.JPG' width=\"450px\" style=\"float:left;padding-bottom:10px;\"\/> <img src='http:\/\/www.sk6dw.se\/wp-content\/uploads\/2010\/02\/dsc04306.JPG' alt='dsc04306.JPG' width=\"450px\" style=\"float:right;padding-bottom:10px;\"\/><\/p>\n<p><img src='http:\/\/www.sk6dw.se\/wp-content\/uploads\/2010\/02\/dsc04305.JPG' alt='dsc04305.JPG' width=\"450px\" style=\"float:left;padding-bottom:10px;\"\/> <img src='http:\/\/www.sk6dw.se\/wp-content\/uploads\/2010\/02\/dsc04302.JPG' alt='dsc04302.JPG' width=\"450px\" style=\"float:right;padding-bottom:10px;\"\/><\/p>\n<p><img src='http:\/\/www.sk6dw.se\/wp-content\/uploads\/2010\/02\/dsc04301.JPG' alt='dsc04301.JPG' width=\"450px\" style=\"float:left;padding-bottom:10px;\"\/> <img src='http:\/\/www.sk6dw.se\/wp-content\/uploads\/2010\/02\/dsc04337.jpg' alt='dsc04337.jpg' width=\"450px\" style=\"float:right;padding-bottom:10px;\"\/><\/p>\n<p><img src='http:\/\/www.sk6dw.se\/wp-content\/uploads\/2010\/02\/dsc04333.jpg' alt='dsc04333.jpg' width=\"450px\" style=\"float:left;padding-bottom:10px;\"\/> <img src='http:\/\/www.sk6dw.se\/wp-content\/uploads\/2010\/02\/dsc04322.jpg' alt='dsc04322.jpg' width=\"450px\" style=\"float:right;padding-bottom:10px;\"\/><\/p>\n<p><img src='http:\/\/www.sk6dw.se\/wp-content\/uploads\/2010\/02\/dsc04316.JPG' alt='dsc04316.JPG' width=\"450px\" style=\"float:left;padding-bottom:10px;\"\/> <img src='http:\/\/www.sk6dw.se\/wp-content\/uploads\/2010\/02\/dsc04311.JPG' alt='dsc04311.JPG' width=\"450px\" style=\"float:right;padding-bottom:10px;\"\/><\/p>\n","protected":false},"excerpt":{"rendered":"<p>Helgen 23-24\/5 2009 hade vi en fieldday vid Ekebacken p\u00e5 Halleberg. Vi hade uppskattningsvis drygt 50 bes\u00f6kare under helgen, varav ca: 20 var klubbmedlemmar. Det tyckte vi var ett bra med tanke p\u00e5 att vi inte hade marknadsf\u00f6rt oss s\u00e5 &hellip;<\/p>\n<p class=\"read-more\"> <a class=\"more-link\" href=\"https:\/\/www.sk6dw.se\/?page_id=2183\"> <span class=\"screen-reader-text\">Ekebacken 2009<\/span> L\u00e4s mer &raquo;<\/a><\/p>\n","protected":false},"author":1,"featured_media":0,"parent":19,"menu_order":0,"comment_status":"closed","ping_status":"closed","template":"","meta":{"footnotes":""},"_links":{"self":[{"href":"https:\/\/www.sk6dw.se\/index.php?rest_route=\/wp\/v2\/pages\/2183"}],"collection":[{"href":"https:\/\/www.sk6dw.se\/index.php?rest_route=\/wp\/v2\/pages"}],"about":[{"href":"https:\/\/www.sk6dw.se\/index.php?rest_route=\/wp\/v2\/types\/page"}],"author":[{"embeddable":true,"href":"https:\/\/www.sk6dw.se\/index.php?rest_route=\/wp\/v2\/users\/1"}],"replies":[{"embeddable":true,"href":"https:\/\/www.sk6dw.se\/index.php?rest_route=%2Fwp%2Fv2%2Fcomments&post=2183"}],"version-history":[{"count":5,"href":"https:\/\/www.sk6dw.se\/index.php?rest_route=\/wp\/v2\/pages\/2183\/revisions"}],"predecessor-version":[{"id":6211,"href":"https:\/\/www.sk6dw.se\/index.php?rest_route=\/wp\/v2\/pages\/2183\/revisions\/6211"}],"up":[{"embeddable":true,"href":"https:\/\/www.sk6dw.se\/index.php?rest_route=\/wp\/v2\/pages\/19"}],"wp:attachment":[{"href":"https:\/\/www.sk6dw.se\/index.php?rest_route=%2Fwp%2Fv2%2Fmedia&parent=2183"}],"curies":[{"name":"wp","href":"https:\/\/api.w.org\/{rel}","templated":true}]}}