{"id":1817,"date":"2009-09-06T20:23:31","date_gmt":"2009-09-06T18:23:31","guid":{"rendered":"http:\/\/www.sk6dw.se\/?page_id=1817"},"modified":"2009-09-06T20:23:31","modified_gmt":"2009-09-06T18:23:31","slug":"tanga-hed-2009","status":"publish","type":"page","link":"https:\/\/www.sk6dw.se\/?page_id=1817","title":{"rendered":"T\u00e5nga Hed 2009"},"content":{"rendered":"<p>Fieldday V\u00e4st 2009 \u00e4r \u00f6ver, stort tack till alla bes\u00f6kare!<\/p>\n<p>F\u00f6ljande f\u00f6retag bes\u00f6kte T\u00e5nga Hed 2009:<br \/>\n<strong>SRS<\/strong> <a href=\"http:\/\/ham.srsab.se\">http:\/\/ham.srsab.se<\/a><br \/>\n<strong>Limmared<\/strong> <a href=\"http:\/\/www.limmared.nu\">http:\/\/www.limmared.nu<\/a><br \/>\n<strong>VKC Hamshop<\/strong> <a href=\"http:\/\/web.telia.com\/~u53004910\/\">http:\/\/web.telia.com\/~u53004910\/<\/a><\/p>\n<p align='center'><img src='bilder\/fdv2009\/vtt\/img_0804.JPG'><br \/><small>Foto: SM6VTT, Fredrik Hansson<\/small><\/p>\n<p align='center'><img src='bilder\/fdv2009\/vtt\/img_0805.JPG'><br \/><small>Foto: SM6VTT, Fredrik Hansson<\/small><\/p>\n<p align='center'><img src='bilder\/fdv2009\/vtt\/img_0809.JPG'><br \/><small>Foto: SM6VTT, Fredrik Hansson<\/small><\/p>\n<p align='center'><img src='bilder\/fdv2009\/vtt\/img_0810.JPG'><br \/><small>Foto: SM6VTT, Fredrik Hansson<\/small><\/p>\n<p align='center'><img src='bilder\/fdv2009\/SE6M\/tdsc_2106.jpg'><br \/><small>Foto: SE6M, Mats Svensson<\/small><\/p>\n<p align='center'><img src='bilder\/fdv2009\/SE6M\/tdsc_2110.jpg'><br \/><small>Foto: SE6M, Mats Svensson<\/small><\/p>\n<p align='center'><img src='bilder\/fdv2009\/SE6M\/tdsc_2111.jpg'><br \/><small>Foto: SE6M, Mats Svensson<\/small><\/p>\n<p align='center'><img src='bilder\/fdv2009\/SE6M\/tdsc_2118.jpg'><br \/><small>Foto: SE6M, Mats Svensson<\/small><\/p>\n<p align='center'><img src='bilder\/fdv2009\/SE6M\/tdsc_2120.jpg'><br \/><small>Foto: SE6M, Mats Svensson<\/small><\/p>\n<p align='center'><img src='bilder\/fdv2009\/SE6M\/tdsc_2125.jpg'><br \/><small>Foto: SE6M, Mats Svensson<\/small><\/p>\n<p align='center'><img src='bilder\/fdv2009\/SE6M\/tdsc_2133.jpg'><br \/><small>Foto: SE6M, Mats Svensson<\/small><\/p>\n<p align='center'><img src='bilder\/fdv2009\/SE6M\/tdsc_2144.jpg'><br \/><small>Foto: SE6M, Mats Svensson<\/small><\/p>\n<p align='center'><img src='bilder\/fdv2009\/SE6M\/tdsc_2161.jpg'><br \/><small>Foto: SE6M, Mats Svensson<\/small><\/p>\n<p align='center'><img src='bilder\/fdv2009\/SE6M\/tdsc_2909.jpg'><br \/><small>Foto: SE6M, Mats Svensson<\/small><\/p>\n<p align='center'><img src='bilder\/fdv2009\/SE6M\/tdsc_2910.jpg'><br \/><small>Foto: SE6M, Mats Svensson<\/small><\/p>\n<p align='center'><img src='bilder\/fdv2009\/SE6M\/tdsc_2934.jpg'><br \/><small>Foto: SE6M, Mats Svensson<\/small><\/p>\n<p>Bes\u00f6k g\u00e4rna Mats <a href=\"http:\/\/82.182.115.199\/gsa\/se6m\/\">hemsida<\/a> f\u00f6r fler bilder fr\u00e5n andra radioaktiviteter.<\/p>\n","protected":false},"excerpt":{"rendered":"<p>Fieldday V\u00e4st 2009 \u00e4r \u00f6ver, stort tack till alla bes\u00f6kare! F\u00f6ljande f\u00f6retag bes\u00f6kte T\u00e5nga Hed 2009: SRS http:\/\/ham.srsab.se Limmared http:\/\/www.limmared.nu VKC Hamshop http:\/\/web.telia.com\/~u53004910\/ Foto: SM6VTT, Fredrik Hansson Foto: SM6VTT, Fredrik Hansson Foto: SM6VTT, Fredrik Hansson Foto: SM6VTT, Fredrik Hansson Foto: &hellip;<\/p>\n<p class=\"read-more\"> <a class=\"more-link\" href=\"https:\/\/www.sk6dw.se\/?page_id=1817\"> <span class=\"screen-reader-text\">T\u00e5nga Hed 2009<\/span> L\u00e4s mer &raquo;<\/a><\/p>\n","protected":false},"author":1,"featured_media":0,"parent":162,"menu_order":0,"comment_status":"open","ping_status":"closed","template":"","meta":{"footnotes":""},"_links":{"self":[{"href":"https:\/\/www.sk6dw.se\/index.php?rest_route=\/wp\/v2\/pages\/1817"}],"collection":[{"href":"https:\/\/www.sk6dw.se\/index.php?rest_route=\/wp\/v2\/pages"}],"about":[{"href":"https:\/\/www.sk6dw.se\/index.php?rest_route=\/wp\/v2\/types\/page"}],"author":[{"embeddable":true,"href":"https:\/\/www.sk6dw.se\/index.php?rest_route=\/wp\/v2\/users\/1"}],"replies":[{"embeddable":true,"href":"https:\/\/www.sk6dw.se\/index.php?rest_route=%2Fwp%2Fv2%2Fcomments&post=1817"}],"version-history":[{"count":0,"href":"https:\/\/www.sk6dw.se\/index.php?rest_route=\/wp\/v2\/pages\/1817\/revisions"}],"up":[{"embeddable":true,"href":"https:\/\/www.sk6dw.se\/index.php?rest_route=\/wp\/v2\/pages\/162"}],"wp:attachment":[{"href":"https:\/\/www.sk6dw.se\/index.php?rest_route=%2Fwp%2Fv2%2Fmedia&parent=1817"}],"curies":[{"name":"wp","href":"https:\/\/api.w.org\/{rel}","templated":true}]}}