{"id":1179,"date":"2008-01-14T15:51:26","date_gmt":"2008-01-14T14:51:26","guid":{"rendered":"http:\/\/www.sk6dw.se\/?page_id=1179"},"modified":"2008-01-14T15:51:26","modified_gmt":"2008-01-14T14:51:26","slug":"tanga-hed-2005","status":"publish","type":"page","link":"https:\/\/www.sk6dw.se\/?page_id=1179","title":{"rendered":"T\u00e5nga Hed 2005"},"content":{"rendered":"<p>2005 var f\u00f6rsta \u00e5ret f\u00f6r Fielddayen p\u00e5 T\u00e5nga Hed. Fielddayen blev mycket lyckad med ca 500 bes\u00f6kare p\u00e5 l\u00f6rdagen och ett underbart v\u00e4der.<br \/>\n<\/p>\n<p align='center'><img src='bilder\/fdv2005\/lotteriet1_VYK.jpg'><br \/><small>Foto: Tomas Johansson, SM6VYK<\/small><\/p>\n<p align='center'><img src='bilder\/fdv2005\/lotteriet2_HNS.jpg'><br \/><small>Foto: Dick Stenholm, SM6HNS<\/small><\/p>\n<p align='center'><img src='bilder\/fdv2005\/lotteriet3_HNS.jpg'><br \/><small>Foto: Dick Stenholm, SM6HNS<\/small><\/p>\n<p><\/p>\n","protected":false},"excerpt":{"rendered":"<p>2005 var f\u00f6rsta \u00e5ret f\u00f6r Fielddayen p\u00e5 T\u00e5nga Hed. Fielddayen blev mycket lyckad med ca 500 bes\u00f6kare p\u00e5 l\u00f6rdagen och ett underbart v\u00e4der. Foto: Tomas Johansson, SM6VYK Foto: Dick Stenholm, SM6HNS Foto: Dick Stenholm, SM6HNS<\/p>\n","protected":false},"author":1,"featured_media":0,"parent":162,"menu_order":11,"comment_status":"open","ping_status":"closed","template":"","meta":{"footnotes":""},"_links":{"self":[{"href":"https:\/\/www.sk6dw.se\/index.php?rest_route=\/wp\/v2\/pages\/1179"}],"collection":[{"href":"https:\/\/www.sk6dw.se\/index.php?rest_route=\/wp\/v2\/pages"}],"about":[{"href":"https:\/\/www.sk6dw.se\/index.php?rest_route=\/wp\/v2\/types\/page"}],"author":[{"embeddable":true,"href":"https:\/\/www.sk6dw.se\/index.php?rest_route=\/wp\/v2\/users\/1"}],"replies":[{"embeddable":true,"href":"https:\/\/www.sk6dw.se\/index.php?rest_route=%2Fwp%2Fv2%2Fcomments&post=1179"}],"version-history":[{"count":0,"href":"https:\/\/www.sk6dw.se\/index.php?rest_route=\/wp\/v2\/pages\/1179\/revisions"}],"up":[{"embeddable":true,"href":"https:\/\/www.sk6dw.se\/index.php?rest_route=\/wp\/v2\/pages\/162"}],"wp:attachment":[{"href":"https:\/\/www.sk6dw.se\/index.php?rest_route=%2Fwp%2Fv2%2Fmedia&parent=1179"}],"curies":[{"name":"wp","href":"https:\/\/api.w.org\/{rel}","templated":true}]}}